{"id":15068,"date":"2022-05-14T22:32:13","date_gmt":"2022-05-15T01:32:13","guid":{"rendered":"https:\/\/concertacaoamazonia.com.br\/?post_type=linha-das-artes&amp;p=15068"},"modified":"2022-05-14T22:32:13","modified_gmt":"2022-05-15T01:32:13","slug":"eryk-rocha-e-gabriela-carneiro-da-cunha","status":"publish","type":"linha-das-artes","link":"https:\/\/concertacaoamazonia.com.br\/cultura\/linha-das-artes\/eryk-rocha-e-gabriela-carneiro-da-cunha\/","title":{"rendered":"ERYK ROCHA E GABRIELA CARNEIRO DA CUNHA"},"content":{"rendered":"\n<p>Diretores e produtores do filme \u201cA Queda do C\u00e9u\u201d, uma obra inspirada livremente no livro hom\u00f4nimo do xam\u00e3 Davi Kopenawa Yanomami e e do antrop\u00f3logo franc\u00eas Bruce Albert. O foco do longa, ainda em fase de edi\u00e7\u00e3o, \u00e9 a terceira parte do livro, em que o xam\u00e3 toma o lugar do antrop\u00f3logo e diz o que pensa sobre os n\u00e3o-ind\u00edgenas e sua sociedade.<\/p>\n\n\n\n<p>\u00a0As falas captadas de Davi Kopenawa e Salom\u00e9 Yanomami soam como diagn\u00f3stico, alerta e convite. Para que voltemos nossas aten\u00e7\u00f5es \u00e0s doen\u00e7as que s\u00e3o trazidas e s\u00e3o criadas a partir da rela\u00e7\u00e3o predat\u00f3ria com a natureza e para um outro modo poss\u00edvel de proceder.<\/p>\n\n\n\n<p><\/p>\n","protected":false},"excerpt":{"rendered":"<p>Diretores e produtores do filme \u201cA Queda do C\u00e9u\u201d, uma obra inspirada livremente no livro hom\u00f4nimo do xam\u00e3 Davi Kopenawa Yanomami e e do antrop\u00f3logo franc\u00eas Bruce Albert. O foco do longa, ainda em fase de edi\u00e7\u00e3o, \u00e9 a terceira parte do livro, em que o xam\u00e3 toma o lugar do antrop\u00f3logo e diz o que pensa sobre os n\u00e3o-ind\u00edgenas e sua sociedade.\u00a0As falas captadas de Davi Kopenawa e Salom\u00e9 Yanomami soam como diagn\u00f3stico, alerta e convite.<\/p>\n","protected":false},"featured_media":78463,"template":"","paises":[59],"estados":[],"cidades":[],"ano":[60],"eixos":[],"class_list":["post-15068","linha-das-artes","type-linha-das-artes","status-publish","has-post-thumbnail","hentry"],"_links":{"self":[{"href":"https:\/\/concertacaoamazonia.com.br\/cultura\/wp-json\/wp\/v2\/linha-das-artes\/15068","targetHints":{"allow":["GET"]}}],"collection":[{"href":"https:\/\/concertacaoamazonia.com.br\/cultura\/wp-json\/wp\/v2\/linha-das-artes"}],"about":[{"href":"https:\/\/concertacaoamazonia.com.br\/cultura\/wp-json\/wp\/v2\/types\/linha-das-artes"}],"wp:featuredmedia":[{"embeddable":true,"href":"https:\/\/concertacaoamazonia.com.br\/cultura\/wp-json\/wp\/v2\/media\/78463"}],"wp:attachment":[{"href":"https:\/\/concertacaoamazonia.com.br\/cultura\/wp-json\/wp\/v2\/media?parent=15068"}],"wp:term":[{"taxonomy":"paises","embeddable":true,"href":"https:\/\/concertacaoamazonia.com.br\/cultura\/wp-json\/wp\/v2\/paises?post=15068"},{"taxonomy":"estados","embeddable":true,"href":"https:\/\/concertacaoamazonia.com.br\/cultura\/wp-json\/wp\/v2\/estados?post=15068"},{"taxonomy":"cidades","embeddable":true,"href":"https:\/\/concertacaoamazonia.com.br\/cultura\/wp-json\/wp\/v2\/cidades?post=15068"},{"taxonomy":"ano","embeddable":true,"href":"https:\/\/concertacaoamazonia.com.br\/cultura\/wp-json\/wp\/v2\/ano?post=15068"},{"taxonomy":"eixos","embeddable":true,"href":"https:\/\/concertacaoamazonia.com.br\/cultura\/wp-json\/wp\/v2\/eixos?post=15068"}],"curies":[{"name":"wp","href":"https:\/\/api.w.org\/{rel}","templated":true}]}}

<p>Diretores e produtores do filme “A Queda do Céu”, uma obra inspirada livremente no livro homônimo do xamã Davi Kopenawa Yanomami e e do antropólogo francês Bruce Albert. O foco do longa, ainda em fase de edição, é a terceira parte do livro, em que o xamã toma o lugar do antropólogo e diz o que pensa sobre os não-indígenas e sua sociedade.</p>



<p> As falas captadas de Davi Kopenawa e Salomé Yanomami soam como diagnóstico, alerta e convite. Para que voltemos nossas atenções às doenças que são trazidas e são criadas a partir da relação predatória com a natureza e para um outro modo possível de proceder.</p>



<p></p>

<p>Diretores e produtores do filme “A Queda do Céu”, uma obra inspirada livremente no livro homônimo do xamã Davi Kopenawa Yanomami e e do antropólogo francês Bruce Albert. O foco do longa, ainda em fase de edição, é a terceira parte do livro, em que o xamã toma o lugar do antropólogo e diz o que pensa sobre os não-indígenas e sua sociedade. As falas captadas de Davi Kopenawa e Salomé Yanomami soam como diagnóstico, alerta e convite.</p>
