{"id":14500,"date":"2022-05-10T05:25:45","date_gmt":"2022-05-10T08:25:45","guid":{"rendered":"https:\/\/concertacaoamazonia.com.br\/?post_type=linha-das-artes&amp;p=14500"},"modified":"2022-05-10T05:25:45","modified_gmt":"2022-05-10T08:25:45","slug":"brus-rubio-pintor","status":"publish","type":"linha-das-artes","link":"https:\/\/concertacaoamazonia.com.br\/cultura\/linha-das-artes\/brus-rubio-pintor\/","title":{"rendered":"BRUS RUBIO"},"content":{"rendered":"\n<p>Descendente dos povos originais Huitoto e Bora da Amaz\u00f4nia peruana. Sua arte busca retratar a conex\u00e3o do homem com a natureza. Seu trabalho, de uma alegria c\u00f3smica, tem inspira\u00e7\u00e3o no seu imagin\u00e1rio, hist\u00f3ria e ancestralidade. Algumas de suas obras foram exibidas durante a 5\u00aa plen\u00e1ria de Uma Concerta\u00e7\u00e3o pela Amaz\u00f4nia.<\/p>\n","protected":false},"excerpt":{"rendered":"<p><!-- wp:paragraph --><\/p>\n<p>Descendente dos povos originais Huitoto e Bora da Amaz\u00f4nia peruana. Sua arte busca retratar a conex\u00e3o do homem com a natureza. Seu trabalho, de uma alegria c\u00f3smica, tem inspira\u00e7\u00e3o no seu imagin\u00e1rio, hist\u00f3ria e ancestralidade. Algumas de suas obras foram exibidas durante a 5\u00aa plen\u00e1ria de Uma Concerta\u00e7\u00e3o pela Amaz\u00f4nia.<\/p>\n<p><!-- \/wp:paragraph --><\/p>\n","protected":false},"featured_media":3997,"template":"","paises":[59],"estados":[],"cidades":[],"ano":[60],"eixos":[],"class_list":["post-14500","linha-das-artes","type-linha-das-artes","status-publish","has-post-thumbnail","hentry"],"_links":{"self":[{"href":"https:\/\/concertacaoamazonia.com.br\/cultura\/wp-json\/wp\/v2\/linha-das-artes\/14500","targetHints":{"allow":["GET"]}}],"collection":[{"href":"https:\/\/concertacaoamazonia.com.br\/cultura\/wp-json\/wp\/v2\/linha-das-artes"}],"about":[{"href":"https:\/\/concertacaoamazonia.com.br\/cultura\/wp-json\/wp\/v2\/types\/linha-das-artes"}],"wp:featuredmedia":[{"embeddable":true,"href":"https:\/\/concertacaoamazonia.com.br\/cultura\/wp-json\/wp\/v2\/media\/3997"}],"wp:attachment":[{"href":"https:\/\/concertacaoamazonia.com.br\/cultura\/wp-json\/wp\/v2\/media?parent=14500"}],"wp:term":[{"taxonomy":"paises","embeddable":true,"href":"https:\/\/concertacaoamazonia.com.br\/cultura\/wp-json\/wp\/v2\/paises?post=14500"},{"taxonomy":"estados","embeddable":true,"href":"https:\/\/concertacaoamazonia.com.br\/cultura\/wp-json\/wp\/v2\/estados?post=14500"},{"taxonomy":"cidades","embeddable":true,"href":"https:\/\/concertacaoamazonia.com.br\/cultura\/wp-json\/wp\/v2\/cidades?post=14500"},{"taxonomy":"ano","embeddable":true,"href":"https:\/\/concertacaoamazonia.com.br\/cultura\/wp-json\/wp\/v2\/ano?post=14500"},{"taxonomy":"eixos","embeddable":true,"href":"https:\/\/concertacaoamazonia.com.br\/cultura\/wp-json\/wp\/v2\/eixos?post=14500"}],"curies":[{"name":"wp","href":"https:\/\/api.w.org\/{rel}","templated":true}]}}

<p>Descendente dos povos originais Huitoto e Bora da Amazônia peruana. Sua arte busca retratar a conexão do homem com a natureza. Seu trabalho, de uma alegria cósmica, tem inspiração no seu imaginário, história e ancestralidade. Algumas de suas obras foram exibidas durante a 5ª plenária de Uma Concertação pela Amazônia.</p>

<p><!-- wp:paragraph --></p>
<p>Descendente dos povos originais Huitoto e Bora da Amazônia peruana. Sua arte busca retratar a conexão do homem com a natureza. Seu trabalho, de uma alegria cósmica, tem inspiração no seu imaginário, história e ancestralidade. Algumas de suas obras foram exibidas durante a 5ª plenária de Uma Concertação pela Amazônia.</p>
<p><!-- /wp:paragraph --></p>
