{"id":14497,"date":"2022-05-10T05:21:40","date_gmt":"2022-05-10T08:21:40","guid":{"rendered":"https:\/\/concertacaoamazonia.com.br\/?post_type=linha-das-artes&amp;p=14497"},"modified":"2022-05-10T05:21:40","modified_gmt":"2022-05-10T08:21:40","slug":"paula-sampaio","status":"publish","type":"linha-das-artes","link":"https:\/\/concertacaoamazonia.com.br\/cultura\/linha-das-artes\/paula-sampaio\/","title":{"rendered":"PAULA SAMPAIO"},"content":{"rendered":"\n<p>Nasceu em Belo Horizonte. Foi ainda menina para a Amaz\u00f4nia com sua fam\u00edlia, e em 1982 escolheu viver e trabalhar em Bel\u00e9m (PA). Durante o curso de Comunica\u00e7\u00e3o Social (UFPa), descobriu a fotografia e optou pelo fotojornalismo para retratar o cotidiano de trabalhadores, em sua maioria migrantes, que vivem \u00e0s margens dos grandes projetos de explora\u00e7\u00e3o e em estradas na Amaz\u00f4nia, principalmente nas rodovias Bel\u00e9m-Bras\u00edlia e Transamaz\u00f4nica. Em seu percurso tamb\u00e9m recolhe sonhos e hist\u00f3rias de vida das pessoas com as quais se encontra nesses caminhos.<\/p>\n","protected":false},"excerpt":{"rendered":"<p><!-- wp:paragraph --><\/p>\n<p>Nasceu em Belo Horizonte. Foi ainda menina para a Amaz\u00f4nia com sua fam\u00edlia, e em 1982 escolheu viver e trabalhar em Bel\u00e9m (PA). Durante o curso de Comunica\u00e7\u00e3o Social (UFPa), descobriu a fotografia e optou pelo fotojornalismo para retratar o cotidiano de trabalhadores, em sua maioria migrantes, que vivem \u00e0s margens dos grandes projetos de explora\u00e7\u00e3o e em estradas na Amaz\u00f4nia, principalmente nas rodovias Bel\u00e9m-Bras\u00edlia e Transamaz\u00f4nica. Em seu percurso tamb\u00e9m recolhe sonhos e hist\u00f3rias de vida das pessoas com as quais se encontra nesses caminhos.<\/p>\n<p><!-- \/wp:paragraph --><\/p>\n","protected":false},"featured_media":3996,"template":"","paises":[59],"estados":[],"cidades":[],"ano":[60],"eixos":[],"class_list":["post-14497","linha-das-artes","type-linha-das-artes","status-publish","has-post-thumbnail","hentry"],"_links":{"self":[{"href":"https:\/\/concertacaoamazonia.com.br\/cultura\/wp-json\/wp\/v2\/linha-das-artes\/14497","targetHints":{"allow":["GET"]}}],"collection":[{"href":"https:\/\/concertacaoamazonia.com.br\/cultura\/wp-json\/wp\/v2\/linha-das-artes"}],"about":[{"href":"https:\/\/concertacaoamazonia.com.br\/cultura\/wp-json\/wp\/v2\/types\/linha-das-artes"}],"wp:featuredmedia":[{"embeddable":true,"href":"https:\/\/concertacaoamazonia.com.br\/cultura\/wp-json\/wp\/v2\/media\/3996"}],"wp:attachment":[{"href":"https:\/\/concertacaoamazonia.com.br\/cultura\/wp-json\/wp\/v2\/media?parent=14497"}],"wp:term":[{"taxonomy":"paises","embeddable":true,"href":"https:\/\/concertacaoamazonia.com.br\/cultura\/wp-json\/wp\/v2\/paises?post=14497"},{"taxonomy":"estados","embeddable":true,"href":"https:\/\/concertacaoamazonia.com.br\/cultura\/wp-json\/wp\/v2\/estados?post=14497"},{"taxonomy":"cidades","embeddable":true,"href":"https:\/\/concertacaoamazonia.com.br\/cultura\/wp-json\/wp\/v2\/cidades?post=14497"},{"taxonomy":"ano","embeddable":true,"href":"https:\/\/concertacaoamazonia.com.br\/cultura\/wp-json\/wp\/v2\/ano?post=14497"},{"taxonomy":"eixos","embeddable":true,"href":"https:\/\/concertacaoamazonia.com.br\/cultura\/wp-json\/wp\/v2\/eixos?post=14497"}],"curies":[{"name":"wp","href":"https:\/\/api.w.org\/{rel}","templated":true}]}}

<p>Nasceu em Belo Horizonte. Foi ainda menina para a Amazônia com sua família, e em 1982 escolheu viver e trabalhar em Belém (PA). Durante o curso de Comunicação Social (UFPa), descobriu a fotografia e optou pelo fotojornalismo para retratar o cotidiano de trabalhadores, em sua maioria migrantes, que vivem às margens dos grandes projetos de exploração e em estradas na Amazônia, principalmente nas rodovias Belém-Brasília e Transamazônica. Em seu percurso também recolhe sonhos e histórias de vida das pessoas com as quais se encontra nesses caminhos.</p>

<p><!-- wp:paragraph --></p>
<p>Nasceu em Belo Horizonte. Foi ainda menina para a Amazônia com sua família, e em 1982 escolheu viver e trabalhar em Belém (PA). Durante o curso de Comunicação Social (UFPa), descobriu a fotografia e optou pelo fotojornalismo para retratar o cotidiano de trabalhadores, em sua maioria migrantes, que vivem às margens dos grandes projetos de exploração e em estradas na Amazônia, principalmente nas rodovias Belém-Brasília e Transamazônica. Em seu percurso também recolhe sonhos e histórias de vida das pessoas com as quais se encontra nesses caminhos.</p>
<p><!-- /wp:paragraph --></p>
