{"id":14490,"date":"2022-05-10T05:15:26","date_gmt":"2022-05-10T08:15:26","guid":{"rendered":"https:\/\/concertacaoamazonia.com.br\/?post_type=linha-das-artes&amp;p=14490"},"modified":"2022-05-10T05:15:26","modified_gmt":"2022-05-10T08:15:26","slug":"rakel-caminha","status":"publish","type":"linha-das-artes","link":"https:\/\/concertacaoamazonia.com.br\/cultura\/linha-das-artes\/rakel-caminha\/","title":{"rendered":"RAKEL CAMINHA"},"content":{"rendered":"\n<p>Rakel Caminha \u00e9 uma artista manauara e suas cria\u00e7\u00f5es falam sobre quest\u00f5es sociais, ecol\u00f3gicas e pertinentes ao universo feminino. Ela esteve conosco na plen\u00e1ria de abril e suas artes voltaram a compor a plen\u00e1ria de setembro.<\/p>\n","protected":false},"excerpt":{"rendered":"<p><!-- wp:paragraph --><\/p>\n<p>Rakel Caminha \u00e9 uma artista manauara e suas cria\u00e7\u00f5es falam sobre quest\u00f5es sociais, ecol\u00f3gicas e pertinentes ao universo feminino. Ela esteve conosco na plen\u00e1ria de abril e suas artes voltaram a compor a plen\u00e1ria de setembro.<\/p>\n<p><!-- \/wp:paragraph --><\/p>\n","protected":false},"featured_media":3891,"template":"","paises":[59],"estados":[],"cidades":[],"ano":[60],"eixos":[],"class_list":["post-14490","linha-das-artes","type-linha-das-artes","status-publish","has-post-thumbnail","hentry"],"_links":{"self":[{"href":"https:\/\/concertacaoamazonia.com.br\/cultura\/wp-json\/wp\/v2\/linha-das-artes\/14490","targetHints":{"allow":["GET"]}}],"collection":[{"href":"https:\/\/concertacaoamazonia.com.br\/cultura\/wp-json\/wp\/v2\/linha-das-artes"}],"about":[{"href":"https:\/\/concertacaoamazonia.com.br\/cultura\/wp-json\/wp\/v2\/types\/linha-das-artes"}],"wp:featuredmedia":[{"embeddable":true,"href":"https:\/\/concertacaoamazonia.com.br\/cultura\/wp-json\/wp\/v2\/media\/3891"}],"wp:attachment":[{"href":"https:\/\/concertacaoamazonia.com.br\/cultura\/wp-json\/wp\/v2\/media?parent=14490"}],"wp:term":[{"taxonomy":"paises","embeddable":true,"href":"https:\/\/concertacaoamazonia.com.br\/cultura\/wp-json\/wp\/v2\/paises?post=14490"},{"taxonomy":"estados","embeddable":true,"href":"https:\/\/concertacaoamazonia.com.br\/cultura\/wp-json\/wp\/v2\/estados?post=14490"},{"taxonomy":"cidades","embeddable":true,"href":"https:\/\/concertacaoamazonia.com.br\/cultura\/wp-json\/wp\/v2\/cidades?post=14490"},{"taxonomy":"ano","embeddable":true,"href":"https:\/\/concertacaoamazonia.com.br\/cultura\/wp-json\/wp\/v2\/ano?post=14490"},{"taxonomy":"eixos","embeddable":true,"href":"https:\/\/concertacaoamazonia.com.br\/cultura\/wp-json\/wp\/v2\/eixos?post=14490"}],"curies":[{"name":"wp","href":"https:\/\/api.w.org\/{rel}","templated":true}]}}

<p>Rakel Caminha é uma artista manauara e suas criações falam sobre questões sociais, ecológicas e pertinentes ao universo feminino. Ela esteve conosco na plenária de abril e suas artes voltaram a compor a plenária de setembro.</p>

<p><!-- wp:paragraph --></p>
<p>Rakel Caminha é uma artista manauara e suas criações falam sobre questões sociais, ecológicas e pertinentes ao universo feminino. Ela esteve conosco na plenária de abril e suas artes voltaram a compor a plenária de setembro.</p>
<p><!-- /wp:paragraph --></p>
