{"id":14471,"date":"2022-05-10T04:57:43","date_gmt":"2022-05-10T07:57:43","guid":{"rendered":"https:\/\/concertacaoamazonia.com.br\/?post_type=linha-das-artes&amp;p=14471"},"modified":"2022-05-10T04:57:43","modified_gmt":"2022-05-10T07:57:43","slug":"chermie-ferreira-kambo-paula-sampaio-rakel-caminha-e-rui-machado","status":"publish","type":"linha-das-artes","link":"https:\/\/concertacaoamazonia.com.br\/cultura\/linha-das-artes\/chermie-ferreira-kambo-paula-sampaio-rakel-caminha-e-rui-machado\/","title":{"rendered":"CHERMIE FERREIRA, KAMB\u00d4, PAULA SAMPAIO, RAKEL CAMINHA E RUI MACHADO"},"content":{"rendered":"\n<p>Cinco artistas contribu\u00edram para compor a identidade visual da Concerta\u00e7\u00e3o em outubro e novembro: CHERMIE FERREIRA, artista pl\u00e1stica descendente do povo Kokama, que busca incorporar sua origem ind\u00edgena aos seus trabalhos; KAMB\u00d4, artista visual que mistura cultura tradicional com tecnologia e apresenta em seu trabalho uma imers\u00e3o pelas diferentes regi\u00f5es amaz\u00f4nicas; PAULA SAMPAIO, fotojornalista idealizadora do\u00a0<a href=\"http:\/\/paulasampaio.com.br\/as-rotas\/\">Rotas<\/a>\u00a0que retrata este corpo amaz\u00f4nico, com olhar sens\u00edvel sobre o cotidiano dos trabalhadores que vivem \u00e0s margens dos grandes projetos de explora\u00e7\u00e3o e das estradas da Amaz\u00f4nia; RAKEL CAMINHA, artista cujas cria\u00e7\u00f5es falam sobre quest\u00f5es sociais, ecol\u00f3gicas e pertinentes ao universo feminino na Amaz\u00f4nia; e RUI MACHADO, pintor, compositor e poeta, que v\u00ea na Concerta\u00e7\u00e3o uma oportunidade do Brasil descobrir o Brasil.<\/p>\n","protected":false},"excerpt":{"rendered":"<p><!-- wp:paragraph --><\/p>\n<p>Cinco artistas contribu\u00edram para compor a identidade visual da Concerta\u00e7\u00e3o em outubro e novembro: CHERMIE FERREIRA, artista pl\u00e1stica descendente do povo Kokama, que busca incorporar sua origem ind\u00edgena aos seus trabalhos; KAMB\u00d4, artista visual que mistura cultura tradicional com tecnologia e apresenta em seu trabalho uma imers\u00e3o pelas diferentes regi\u00f5es amaz\u00f4nicas; PAULA SAMPAIO, fotojornalista idealizadora do\u00a0<a href=\"http:\/\/paulasampaio.com.br\/as-rotas\/\">Rotas<\/a>\u00a0que retrata este corpo amaz\u00f4nico, com olhar sens\u00edvel sobre o cotidiano dos trabalhadores que vivem \u00e0s margens dos grandes projetos de explora\u00e7\u00e3o e das estradas da Amaz\u00f4nia; RAKEL CAMINHA, artista cujas cria\u00e7\u00f5es falam sobre quest\u00f5es sociais, ecol\u00f3gicas e pertinentes ao universo feminino na Amaz\u00f4nia; e RUI MACHADO, pintor, compositor e poeta, que v\u00ea na Concerta\u00e7\u00e3o uma oportunidade do Brasil descobrir o Brasil.<\/p>\n<p><!-- \/wp:paragraph --><\/p>\n","protected":false},"featured_media":5837,"template":"","paises":[59],"estados":[],"cidades":[],"ano":[60],"eixos":[],"class_list":["post-14471","linha-das-artes","type-linha-das-artes","status-publish","has-post-thumbnail","hentry"],"_links":{"self":[{"href":"https:\/\/concertacaoamazonia.com.br\/cultura\/wp-json\/wp\/v2\/linha-das-artes\/14471","targetHints":{"allow":["GET"]}}],"collection":[{"href":"https:\/\/concertacaoamazonia.com.br\/cultura\/wp-json\/wp\/v2\/linha-das-artes"}],"about":[{"href":"https:\/\/concertacaoamazonia.com.br\/cultura\/wp-json\/wp\/v2\/types\/linha-das-artes"}],"wp:featuredmedia":[{"embeddable":true,"href":"https:\/\/concertacaoamazonia.com.br\/cultura\/wp-json\/wp\/v2\/media\/5837"}],"wp:attachment":[{"href":"https:\/\/concertacaoamazonia.com.br\/cultura\/wp-json\/wp\/v2\/media?parent=14471"}],"wp:term":[{"taxonomy":"paises","embeddable":true,"href":"https:\/\/concertacaoamazonia.com.br\/cultura\/wp-json\/wp\/v2\/paises?post=14471"},{"taxonomy":"estados","embeddable":true,"href":"https:\/\/concertacaoamazonia.com.br\/cultura\/wp-json\/wp\/v2\/estados?post=14471"},{"taxonomy":"cidades","embeddable":true,"href":"https:\/\/concertacaoamazonia.com.br\/cultura\/wp-json\/wp\/v2\/cidades?post=14471"},{"taxonomy":"ano","embeddable":true,"href":"https:\/\/concertacaoamazonia.com.br\/cultura\/wp-json\/wp\/v2\/ano?post=14471"},{"taxonomy":"eixos","embeddable":true,"href":"https:\/\/concertacaoamazonia.com.br\/cultura\/wp-json\/wp\/v2\/eixos?post=14471"}],"curies":[{"name":"wp","href":"https:\/\/api.w.org\/{rel}","templated":true}]}}

CHERMIE FERREIRA, KAMBÔ, PAULA SAMPAIO, RAKEL CAMINHA E RUI MACHADO

<p>Cinco artistas contribuíram para compor a identidade visual da Concertação em outubro e novembro: CHERMIE FERREIRA, artista plástica descendente do povo Kokama, que busca incorporar sua origem indígena aos seus trabalhos; KAMBÔ, artista visual que mistura cultura tradicional com tecnologia e apresenta em seu trabalho uma imersão pelas diferentes regiões amazônicas; PAULA SAMPAIO, fotojornalista idealizadora do <a href="http://paulasampaio.com.br/as-rotas/">Rotas</a> que retrata este corpo amazônico, com olhar sensível sobre o cotidiano dos trabalhadores que vivem às margens dos grandes projetos de exploração e das estradas da Amazônia; RAKEL CAMINHA, artista cujas criações falam sobre questões sociais, ecológicas e pertinentes ao universo feminino na Amazônia; e RUI MACHADO, pintor, compositor e poeta, que vê na Concertação uma oportunidade do Brasil descobrir o Brasil.</p>

<p><!-- wp:paragraph --></p>
<p>Cinco artistas contribuíram para compor a identidade visual da Concertação em outubro e novembro: CHERMIE FERREIRA, artista plástica descendente do povo Kokama, que busca incorporar sua origem indígena aos seus trabalhos; KAMBÔ, artista visual que mistura cultura tradicional com tecnologia e apresenta em seu trabalho uma imersão pelas diferentes regiões amazônicas; PAULA SAMPAIO, fotojornalista idealizadora do <a href="http://paulasampaio.com.br/as-rotas/">Rotas</a> que retrata este corpo amazônico, com olhar sensível sobre o cotidiano dos trabalhadores que vivem às margens dos grandes projetos de exploração e das estradas da Amazônia; RAKEL CAMINHA, artista cujas criações falam sobre questões sociais, ecológicas e pertinentes ao universo feminino na Amazônia; e RUI MACHADO, pintor, compositor e poeta, que vê na Concertação uma oportunidade do Brasil descobrir o Brasil.</p>
<p><!-- /wp:paragraph --></p>
