{"id":14469,"date":"2022-05-10T04:56:23","date_gmt":"2022-05-10T07:56:23","guid":{"rendered":"https:\/\/concertacaoamazonia.com.br\/?post_type=linha-das-artes&amp;p=14469"},"modified":"2022-05-10T04:56:23","modified_gmt":"2022-05-10T07:56:23","slug":"denilson-baniwa","status":"publish","type":"linha-das-artes","link":"https:\/\/concertacaoamazonia.com.br\/cultura\/linha-das-artes\/denilson-baniwa\/","title":{"rendered":"DENILSON BANIWA"},"content":{"rendered":"\n<p>Em dezembro, a identidade visual da Concerta\u00e7\u00e3o se baseou na s\u00e9rie\u00a0<strong>Fic\u00e7\u00f5es Coloniais (ou finjam que n\u00e3o estou aqui)<\/strong>, do artista-jaguar Denilson Baniwa, da na\u00e7\u00e3o Baniwa. Natural do Rio Negro, interior do Amazonas, Denilson expressa em seus trabalhos a viv\u00eancia enquanto Ser ind\u00edgena do tempo presente, mesclando refer\u00eancias tradicionais e contempor\u00e2neas ind\u00edgenas e se apropriando de \u00edcones ocidentais para comunicar o pensamento e a luta dos povos origin\u00e1rios em diversos suportes e linguagens, como canvas, instala\u00e7\u00f5es, meios digitais e performances.<\/p>\n","protected":false},"excerpt":{"rendered":"<p><!-- wp:paragraph --><\/p>\n<p>Em dezembro, a identidade visual da Concerta\u00e7\u00e3o se baseou na s\u00e9rie\u00a0<strong>Fic\u00e7\u00f5es Coloniais (ou finjam que n\u00e3o estou aqui)<\/strong>, do artista-jaguar Denilson Baniwa, da na\u00e7\u00e3o Baniwa. Natural do Rio Negro, interior do Amazonas, Denilson expressa em seus trabalhos a viv\u00eancia enquanto Ser ind\u00edgena do tempo presente, mesclando refer\u00eancias tradicionais e contempor\u00e2neas ind\u00edgenas e se apropriando de \u00edcones ocidentais para comunicar o pensamento e a luta dos povos origin\u00e1rios em diversos suportes e linguagens, como canvas, instala\u00e7\u00f5es, meios digitais e performances.<\/p>\n<p><!-- \/wp:paragraph --><\/p>\n","protected":false},"featured_media":7853,"template":"","paises":[59],"estados":[],"cidades":[],"ano":[60],"eixos":[],"class_list":["post-14469","linha-das-artes","type-linha-das-artes","status-publish","has-post-thumbnail","hentry"],"_links":{"self":[{"href":"https:\/\/concertacaoamazonia.com.br\/cultura\/wp-json\/wp\/v2\/linha-das-artes\/14469","targetHints":{"allow":["GET"]}}],"collection":[{"href":"https:\/\/concertacaoamazonia.com.br\/cultura\/wp-json\/wp\/v2\/linha-das-artes"}],"about":[{"href":"https:\/\/concertacaoamazonia.com.br\/cultura\/wp-json\/wp\/v2\/types\/linha-das-artes"}],"wp:featuredmedia":[{"embeddable":true,"href":"https:\/\/concertacaoamazonia.com.br\/cultura\/wp-json\/wp\/v2\/media\/7853"}],"wp:attachment":[{"href":"https:\/\/concertacaoamazonia.com.br\/cultura\/wp-json\/wp\/v2\/media?parent=14469"}],"wp:term":[{"taxonomy":"paises","embeddable":true,"href":"https:\/\/concertacaoamazonia.com.br\/cultura\/wp-json\/wp\/v2\/paises?post=14469"},{"taxonomy":"estados","embeddable":true,"href":"https:\/\/concertacaoamazonia.com.br\/cultura\/wp-json\/wp\/v2\/estados?post=14469"},{"taxonomy":"cidades","embeddable":true,"href":"https:\/\/concertacaoamazonia.com.br\/cultura\/wp-json\/wp\/v2\/cidades?post=14469"},{"taxonomy":"ano","embeddable":true,"href":"https:\/\/concertacaoamazonia.com.br\/cultura\/wp-json\/wp\/v2\/ano?post=14469"},{"taxonomy":"eixos","embeddable":true,"href":"https:\/\/concertacaoamazonia.com.br\/cultura\/wp-json\/wp\/v2\/eixos?post=14469"}],"curies":[{"name":"wp","href":"https:\/\/api.w.org\/{rel}","templated":true}]}}

<p>Em dezembro, a identidade visual da Concertação se baseou na série <strong>Ficções Coloniais (ou finjam que não estou aqui)</strong>, do artista-jaguar Denilson Baniwa, da nação Baniwa. Natural do Rio Negro, interior do Amazonas, Denilson expressa em seus trabalhos a vivência enquanto Ser indígena do tempo presente, mesclando referências tradicionais e contemporâneas indígenas e se apropriando de ícones ocidentais para comunicar o pensamento e a luta dos povos originários em diversos suportes e linguagens, como canvas, instalações, meios digitais e performances.</p>

<p><!-- wp:paragraph --></p>
<p>Em dezembro, a identidade visual da Concertação se baseou na série <strong>Ficções Coloniais (ou finjam que não estou aqui)</strong>, do artista-jaguar Denilson Baniwa, da nação Baniwa. Natural do Rio Negro, interior do Amazonas, Denilson expressa em seus trabalhos a vivência enquanto Ser indígena do tempo presente, mesclando referências tradicionais e contemporâneas indígenas e se apropriando de ícones ocidentais para comunicar o pensamento e a luta dos povos originários em diversos suportes e linguagens, como canvas, instalações, meios digitais e performances.</p>
<p><!-- /wp:paragraph --></p>
