{"id":14467,"date":"2022-05-10T04:54:44","date_gmt":"2022-05-10T07:54:44","guid":{"rendered":"https:\/\/concertacaoamazonia.com.br\/?post_type=linha-das-artes&amp;p=14467"},"modified":"2022-05-10T04:54:44","modified_gmt":"2022-05-10T07:54:44","slug":"raiz-campos","status":"publish","type":"linha-das-artes","link":"https:\/\/concertacaoamazonia.com.br\/cultura\/linha-das-artes\/raiz-campos\/","title":{"rendered":"RAIZ CAMPOS"},"content":{"rendered":"\n<p>\u201cMeu nome \u00e9 Rai, sou conhecido na cena art\u00edstica como Raiz, sou um sonhador, mas sou um grafiteiro tamb\u00e9m, utilizo dessa t\u00e9cnica para expressar minhas ideias\u201d. \u00c9 assim que se apresenta Raiz Campos, o artista que inspira a identidade visual da Concerta\u00e7\u00e3o em fevereiro. Nascido na Bahia, Rai Campos Lucena mudou-se com o pai aos tr\u00eas meses de vida para a Vila Pitinga, na Reserva Waimiri Atroari, interior do Amazonas. Decidiu que seria artista ao ver uma revista com grafites e nunca mais parou. Seu trabalho j\u00e1 circulou por diversas cidades brasileiras, sobretudo Manaus, onde estuda artes visuais na Universidade Federal do Amazonas. Sua obra \u00e9 totalmente inspirada na Amaz\u00f4nia, fonte de inspira\u00e7\u00e3o infinita.<\/p>\n","protected":false},"excerpt":{"rendered":"<p><!-- wp:paragraph --><\/p>\n<p>\u201cMeu nome \u00e9 Rai, sou conhecido na cena art\u00edstica como Raiz, sou um sonhador, mas sou um grafiteiro tamb\u00e9m, utilizo dessa t\u00e9cnica para expressar minhas ideias\u201d. \u00c9 assim que se apresenta Raiz Campos, o artista que inspira a identidade visual da Concerta\u00e7\u00e3o em fevereiro. Nascido na Bahia, Rai Campos Lucena mudou-se com o pai aos tr\u00eas meses de vida para a Vila Pitinga, na Reserva Waimiri Atroari, interior do Amazonas. Decidiu que seria artista ao ver uma revista com grafites e nunca mais parou. Seu trabalho j\u00e1 circulou por diversas cidades brasileiras, sobretudo Manaus, onde estuda artes visuais na Universidade Federal do Amazonas. Sua obra \u00e9 totalmente inspirada na Amaz\u00f4nia, fonte de inspira\u00e7\u00e3o infinita.<\/p>\n<p><!-- \/wp:paragraph --><\/p>\n","protected":false},"featured_media":8790,"template":"","paises":[59],"estados":[],"cidades":[],"ano":[58],"eixos":[],"class_list":["post-14467","linha-das-artes","type-linha-das-artes","status-publish","has-post-thumbnail","hentry"],"_links":{"self":[{"href":"https:\/\/concertacaoamazonia.com.br\/cultura\/wp-json\/wp\/v2\/linha-das-artes\/14467","targetHints":{"allow":["GET"]}}],"collection":[{"href":"https:\/\/concertacaoamazonia.com.br\/cultura\/wp-json\/wp\/v2\/linha-das-artes"}],"about":[{"href":"https:\/\/concertacaoamazonia.com.br\/cultura\/wp-json\/wp\/v2\/types\/linha-das-artes"}],"wp:featuredmedia":[{"embeddable":true,"href":"https:\/\/concertacaoamazonia.com.br\/cultura\/wp-json\/wp\/v2\/media\/8790"}],"wp:attachment":[{"href":"https:\/\/concertacaoamazonia.com.br\/cultura\/wp-json\/wp\/v2\/media?parent=14467"}],"wp:term":[{"taxonomy":"paises","embeddable":true,"href":"https:\/\/concertacaoamazonia.com.br\/cultura\/wp-json\/wp\/v2\/paises?post=14467"},{"taxonomy":"estados","embeddable":true,"href":"https:\/\/concertacaoamazonia.com.br\/cultura\/wp-json\/wp\/v2\/estados?post=14467"},{"taxonomy":"cidades","embeddable":true,"href":"https:\/\/concertacaoamazonia.com.br\/cultura\/wp-json\/wp\/v2\/cidades?post=14467"},{"taxonomy":"ano","embeddable":true,"href":"https:\/\/concertacaoamazonia.com.br\/cultura\/wp-json\/wp\/v2\/ano?post=14467"},{"taxonomy":"eixos","embeddable":true,"href":"https:\/\/concertacaoamazonia.com.br\/cultura\/wp-json\/wp\/v2\/eixos?post=14467"}],"curies":[{"name":"wp","href":"https:\/\/api.w.org\/{rel}","templated":true}]}}

<p>“Meu nome é Rai, sou conhecido na cena artística como Raiz, sou um sonhador, mas sou um grafiteiro também, utilizo dessa técnica para expressar minhas ideias”. É assim que se apresenta Raiz Campos, o artista que inspira a identidade visual da Concertação em fevereiro. Nascido na Bahia, Rai Campos Lucena mudou-se com o pai aos três meses de vida para a Vila Pitinga, na Reserva Waimiri Atroari, interior do Amazonas. Decidiu que seria artista ao ver uma revista com grafites e nunca mais parou. Seu trabalho já circulou por diversas cidades brasileiras, sobretudo Manaus, onde estuda artes visuais na Universidade Federal do Amazonas. Sua obra é totalmente inspirada na Amazônia, fonte de inspiração infinita.</p>

<p><!-- wp:paragraph --></p>
<p>“Meu nome é Rai, sou conhecido na cena artística como Raiz, sou um sonhador, mas sou um grafiteiro também, utilizo dessa técnica para expressar minhas ideias”. É assim que se apresenta Raiz Campos, o artista que inspira a identidade visual da Concertação em fevereiro. Nascido na Bahia, Rai Campos Lucena mudou-se com o pai aos três meses de vida para a Vila Pitinga, na Reserva Waimiri Atroari, interior do Amazonas. Decidiu que seria artista ao ver uma revista com grafites e nunca mais parou. Seu trabalho já circulou por diversas cidades brasileiras, sobretudo Manaus, onde estuda artes visuais na Universidade Federal do Amazonas. Sua obra é totalmente inspirada na Amazônia, fonte de inspiração infinita.</p>
<p><!-- /wp:paragraph --></p>
