{"id":13623,"date":"2022-05-02T13:43:09","date_gmt":"2022-05-02T16:43:09","guid":{"rendered":"https:\/\/concertacaoamazonia.com.br\/?post_type=linha-das-artes&amp;p=13623"},"modified":"2022-05-02T13:43:09","modified_gmt":"2022-05-02T16:43:09","slug":"antonio-ii","status":"publish","type":"linha-das-artes","link":"https:\/\/concertacaoamazonia.com.br\/cultura\/linha-das-artes\/antonio-ii\/","title":{"rendered":"ANT\u00d4NIO II"},"content":{"rendered":"\n<p>Com apenas 12 anos, o amazonense Ant\u00f4nio II j\u00e1 \u00e9 considerado um grande artista. Come\u00e7ou a pintar aos quatro anos, quando conheceu o universo do Festival de Parintins e descobriu seu dom para desenhar. O garoto tem na natureza uma de suas principais inspira\u00e7\u00f5es. Segundo ele, suas influ\u00eancias adv\u00eam da \u201cnatureza, a rela\u00e7\u00e3o do homem com a Amaz\u00f4nia, quest\u00f5es sociais, a Semana de Arte Moderna de 22, movimentos musicais, como o tropicalismo e outros m\u00fasicos, cantores e compositores\u201d. Utilizando giz de cera, tinta acr\u00edlica, \u00f3leo e l\u00e1pis de cor em suas cria\u00e7\u00f5es, Ant\u00f4nio \u00e9 o artista que inspira a identidade visual das redes da Concerta\u00e7\u00e3o em abril e maio.<\/p>\n","protected":false},"excerpt":{"rendered":"<p><!-- wp:paragraph --><\/p>\n<p>Com apenas 12 anos, o amazonense Ant\u00f4nio II j\u00e1 \u00e9 considerado um grande artista. Come\u00e7ou a pintar aos quatro anos, quando conheceu o universo do Festival de Parintins e descobriu seu dom para desenhar. O garoto tem na natureza uma de suas principais inspira\u00e7\u00f5es. Segundo ele, suas influ\u00eancias adv\u00eam da \u201cnatureza, a rela\u00e7\u00e3o do homem com a Amaz\u00f4nia, quest\u00f5es sociais, a Semana de Arte Moderna de 22, movimentos musicais, como o tropicalismo e outros m\u00fasicos, cantores e compositores\u201d. Utilizando giz de cera, tinta acr\u00edlica, \u00f3leo e l\u00e1pis de cor em suas cria\u00e7\u00f5es, Ant\u00f4nio \u00e9 o artista que inspira a identidade visual das redes da Concerta\u00e7\u00e3o em abril e maio.<\/p>\n<p><!-- \/wp:paragraph --><\/p>\n","protected":false},"featured_media":11385,"template":"","paises":[59],"estados":[],"cidades":[],"ano":[58],"eixos":[],"class_list":["post-13623","linha-das-artes","type-linha-das-artes","status-publish","has-post-thumbnail","hentry"],"_links":{"self":[{"href":"https:\/\/concertacaoamazonia.com.br\/cultura\/wp-json\/wp\/v2\/linha-das-artes\/13623","targetHints":{"allow":["GET"]}}],"collection":[{"href":"https:\/\/concertacaoamazonia.com.br\/cultura\/wp-json\/wp\/v2\/linha-das-artes"}],"about":[{"href":"https:\/\/concertacaoamazonia.com.br\/cultura\/wp-json\/wp\/v2\/types\/linha-das-artes"}],"wp:featuredmedia":[{"embeddable":true,"href":"https:\/\/concertacaoamazonia.com.br\/cultura\/wp-json\/wp\/v2\/media\/11385"}],"wp:attachment":[{"href":"https:\/\/concertacaoamazonia.com.br\/cultura\/wp-json\/wp\/v2\/media?parent=13623"}],"wp:term":[{"taxonomy":"paises","embeddable":true,"href":"https:\/\/concertacaoamazonia.com.br\/cultura\/wp-json\/wp\/v2\/paises?post=13623"},{"taxonomy":"estados","embeddable":true,"href":"https:\/\/concertacaoamazonia.com.br\/cultura\/wp-json\/wp\/v2\/estados?post=13623"},{"taxonomy":"cidades","embeddable":true,"href":"https:\/\/concertacaoamazonia.com.br\/cultura\/wp-json\/wp\/v2\/cidades?post=13623"},{"taxonomy":"ano","embeddable":true,"href":"https:\/\/concertacaoamazonia.com.br\/cultura\/wp-json\/wp\/v2\/ano?post=13623"},{"taxonomy":"eixos","embeddable":true,"href":"https:\/\/concertacaoamazonia.com.br\/cultura\/wp-json\/wp\/v2\/eixos?post=13623"}],"curies":[{"name":"wp","href":"https:\/\/api.w.org\/{rel}","templated":true}]}}

ANTÔNIO II

<p>Com apenas 12 anos, o amazonense Antônio II já é considerado um grande artista. Começou a pintar aos quatro anos, quando conheceu o universo do Festival de Parintins e descobriu seu dom para desenhar. O garoto tem na natureza uma de suas principais inspirações. Segundo ele, suas influências advêm da “natureza, a relação do homem com a Amazônia, questões sociais, a Semana de Arte Moderna de 22, movimentos musicais, como o tropicalismo e outros músicos, cantores e compositores”. Utilizando giz de cera, tinta acrílica, óleo e lápis de cor em suas criações, Antônio é o artista que inspira a identidade visual das redes da Concertação em abril e maio.</p>

<p><!-- wp:paragraph --></p>
<p>Com apenas 12 anos, o amazonense Antônio II já é considerado um grande artista. Começou a pintar aos quatro anos, quando conheceu o universo do Festival de Parintins e descobriu seu dom para desenhar. O garoto tem na natureza uma de suas principais inspirações. Segundo ele, suas influências advêm da “natureza, a relação do homem com a Amazônia, questões sociais, a Semana de Arte Moderna de 22, movimentos musicais, como o tropicalismo e outros músicos, cantores e compositores”. Utilizando giz de cera, tinta acrílica, óleo e lápis de cor em suas criações, Antônio é o artista que inspira a identidade visual das redes da Concertação em abril e maio.</p>
<p><!-- /wp:paragraph --></p>
