{"id":53867,"date":"2024-04-26T14:54:00","date_gmt":"2024-04-26T17:54:00","guid":{"rendered":"https:\/\/concertacaoamazonia.com.br\/linha-das-artes\/dacordobarro\/"},"modified":"2024-04-26T14:54:00","modified_gmt":"2024-04-26T17:54:00","slug":"dacordobarro-2","status":"publish","type":"linha-das-artes","link":"https:\/\/concertacaoamazonia.com.br\/cultura\/en\/linha-das-artes\/dacordobarro-2\/","title":{"rendered":"Dacordobarro: an artist is born"},"content":{"rendered":"\n<p>The techniques that she uses are as diverse as her inspiration, including photography, &#8220;lambe-lambe&#8221;, graffiti and collage. Self-portraits are very present in her work, as a study of her black body&#8217;s image occupying the city&#8217;s spaces. <\/p>\n\n<p>They are scenes from everyday Amazonian life that bring facades, fruits, colors, smells, objects and childhood memories, in which chaos follows her frantic thinking and incorporates different topics and languages.<\/p>\n\n<p>Whether through urban interventions, crafts or exhibitions, the artist triggers overlapped questions that lead viewers to confront their own conception of the world, the Amazon, the city and the other.<\/p>\n\n<div style=\"height:32px\" aria-hidden=\"true\" class=\"wp-block-spacer\"><\/div>\n\n<div class=\"wp-block-columns alignwide are-vertically-aligned-center ucpa-highlight has-background is-layout-flex wp-container-core-columns-is-layout-28f84493 wp-block-columns-is-layout-flex\" style=\"background-color:#e7ebf3\">\n<div class=\"wp-block-column is-vertically-aligned-center is-layout-flow wp-block-column-is-layout-flow\">\n<p><em>Upon hearing repeatedly that she \u201cdreamed too big\u201d and that she would never be able to achieve her dreams, Dacordobarro understood that she needed to see herself as \u201ca very big individual to reach places that are bigger than me\u201d. .<\/em><\/p>\n\n\n\n<p><em>In this work, which is being displayed for the first time, she appears bigger than the city, confronting her neighbors, racism, sexism and the limits imposed upon her. It portrays the street where she lived, in Manaus, and reveals her consciousness that she was able see the world beyond what people told her was allowed. \u201cDream more, achieve more There is a universe beyond my neighborhood or the borders of Manaus that I can also aspire\u201d. At the top right, her mother&#8217;s hand is portrayed handing her a fig, a symbol that, according to Umbanda, has protective power when passed on.&#13;\n<\/em><\/p>\n<\/div>\n\n\n\n<div class=\"wp-block-column is-vertically-aligned-center is-layout-flow wp-block-column-is-layout-flow\">\n<figure class=\"wp-block-image aligncenter is-style-default\" style=\"text-align: center;\"><img decoding=\"async\" src=\"https:\/\/concertacaoamazonia.com.br\/wp-content\/uploads\/2024\/04\/dacordobarro-02-724x1024.jpeg\" alt=\"Dacordobarro art\"\/><figcaption class=\"wp-element-caption\"><strong>\u201cMaior que as muralhas que criaram ao meu redor\u201d (Bigger than the walls they built around me) (2020)&#13;\n<\/strong><\/figcaption><\/figure>\n<\/div>\n<\/div>\n\n<div style=\"height:32px\" aria-hidden=\"true\" class=\"wp-block-spacer\"><\/div>\n\n<p>Dacordobarro was raised by a foster \u201csolo\u201d mother, who brought her the first references from the feminine universe and the universe of work, affections and artistic expressions. Her mother was also a craftswoman, although she didn&#8217;t see herself that way. At home, she crafted many objects that her family could not afford to buy, \u201cmaking the act of crafting things with her own hands very natural\u201d.&#13;\n<\/p>\n\n<p>As she grew, she gained new references from the layers of her own experiences. Her first time at a cultural center was at the age of 14, where she was able to see a visual arts exhibition. That was when she realized that forms of expression could also be seen as work..<\/p>\n\n<p>One of the artists portrayed in the exhibition was on site and, according to Dacordobarro, he \u201cblew her mind\u201d as he explained that, although studying is important, becoming an artist takes much more than that: art is deeply connected to experiences and living.<\/p>\n\n<p>This conversation defined her path. Dacordobarro, who had been keen on photography since she was 10 years old, found art a way of escaping the social roles that were assigned to her. She began incessant research work, deepening and expanding her expression by means of techniques like painting, &#8220;lambe-lambe&#8221;, graffiti, collage and digitized images.<\/p>\n\n<div style=\"height:32px\" aria-hidden=\"true\" class=\"wp-block-spacer\"><\/div>\n\n<div class=\"wp-block-columns alignwide ucpa-highlight has-background is-layout-flex wp-container-core-columns-is-layout-28f84493 wp-block-columns-is-layout-flex\" style=\"background-color:#e7ebf3\">\n<div class=\"wp-block-column is-vertically-aligned-center is-layout-flow wp-block-column-is-layout-flow\">\n<figure class=\"wp-block-image aligncenter\"><img decoding=\"async\" src=\"https:\/\/concertacaoamazonia.com.br\/wp-content\/uploads\/2024\/04\/dacordobarro-03-724x1024.jpeg\" alt=\"\"\/><figcaption class=\"wp-element-caption\"><strong>\u201c\u00c1gua \u00e9 leite materno\u201d (Water is breast milk) (2021)&#13;\n<\/strong><\/figcaption><\/figure>\n<\/div>\n\n\n\n<div class=\"wp-block-column is-vertically-aligned-center is-layout-flow wp-block-column-is-layout-flow\">\n<p><em>This collage was displayed in several exhibitions and portrays the same street as that of work \u201cMaior que as muralhas que criaram ao meu redor\u201d. Paved over a river, it floods when it rains. The artist is portrayed in sitting position while using a bowl to bathe, an old habit that she is very fond of and takes her back to the times in which she had no running water at home. She explains that this work reflects her perception that nature is our mother and river water is breast milk.<\/em><\/p>\n<\/div>\n<\/div>\n\n<div style=\"height:32px\" aria-hidden=\"true\" class=\"wp-block-spacer\"><\/div>\n\n<p>Her determination took her to the School of Visual Arts at the University of Amazonas, making her the first literate person in her family and the first to attend university and experience work different from that where \u201cpeople are not seen as human beings&#8221;. She is also the first in her family to be able to \u201cspeak in the first person\u201d and travel through other spaces, in a process of \u201cgenerational healing\u201d in many respects.<\/p>\n\n<p>Higher education provided her with a set of techniques and skills, but her pre-teenage experience with photography and collage has a deep connection to her work to this day. These are the techniques that allow her to overlap the memory, self-esteem and perception that she has of the city.<\/p>\n\n<p>Dacordobarro notes that it took her a long time to see herself as a citizen within the urban space, a place that also builds culture, technology, science and knowledge.<\/p>\n\n<p>In this sense, the many trips she embarked on across the country from 2015 onwards was fundamental. In 2018, \u201ctired of the racism and lack of dialogue\u201d that emerged around her on account of the new political context, she left the Brazilian North and began a two-year trip through the states of Maranh\u00e3o, Cear\u00e1, Bahia, Rio de Janeiro, S\u00e3o Paulo and Minas Gerais.&#13;\n<\/p>\n\n<div style=\"height:32px\" aria-hidden=\"true\" class=\"wp-block-spacer\"><\/div>\n\n<div class=\"wp-block-columns alignwide ucpa-highlight has-background is-layout-flex wp-container-core-columns-is-layout-28f84493 wp-block-columns-is-layout-flex\" style=\"background-color:#e7ebf3\">\n<div class=\"wp-block-column is-vertically-aligned-center is-layout-flow wp-block-column-is-layout-flow\">\n<p><em>In this collage, the artist&#8217;s face partially appears, displaying a haircut that is \u201ctypical from the hood, more often used by men\u201d. This work portrays overlapped events, images, smells, memories and thoughts throughout a seemingly ordinary afternoon in Manaus, when she went out to get a haircut, buy peach palm and have a tacac\u00e1.<\/em><\/p>\n\n\n\n<p><em>On the top left corner, one of the cutouts portrays her hand holding her first cell phone, an object that \u201callows people to talk to each other and create bonds\u201d. She says that her mother kept it, just as she hoards all objects from her childhood, ensuring access to memories that would otherwise be absent from her life.<\/em><\/p>\n\n\n\n<p><em>The background, right-hand corner, reveals the image of a lamp post, a fragment of another work which Dacordobarro is very fond of, urban intervention \u201cCrian\u00e7as s\u00e3o sementes&#8221; (Children are seeds), performed in Niter\u00f3i. Full of illegal electricity connections, the lamp post that is so characteristic of Brazilian urban outskirts is seen by the artist as the materialization of the idea of connection and coexistence between people, a familiar and welcoming environment.&#13;\n<\/em><\/p>\n<\/div>\n\n\n\n<div class=\"wp-block-column is-layout-flow wp-block-column-is-layout-flow\">\n<figure class=\"wp-block-image aligncenter\"><img decoding=\"async\" src=\"https:\/\/concertacaoamazonia.com.br\/wp-content\/uploads\/2024\/04\/dacordobarro-32-768x1024.jpeg\" alt=\"\"\/><figcaption class=\"wp-element-caption\"><strong>\u201cSonhos com tacac\u00e1 e pupunha\u201d (Dreaming about tacac\u00e1 and peach palm)&#13;\n<\/strong><\/figcaption><\/figure>\n<\/div>\n<\/div>\n\n<div style=\"height:32px\" aria-hidden=\"true\" class=\"wp-block-spacer\"><\/div>\n\n<p>Her adventure ended in 2020 caused by the Covid-19 pandemic. Upon returning to Manaus, for the first time she was able to recognize herself as one who belongs to the city. And she realized how precious and affectionate her memories of a place that was once that of violence and scarcity are.&#13;\n<\/p>\n\n<p>Based on this new perception, Dacordobarro went on to develop series \u201cManaus 40 graus&#8221;(Manaus 40 degrees) and others in which she investigates the relationship between her body as a black woman that is involved in witchcraft, and the complexity of living in the black and indigenous diaspora in the Manaus city center.<\/p>\n\n<p>The circulation of these works has allowed her to meet other people, reflect, speak, overcome prejudice, and above all, recover or build the self-esteem of having been born in Manaus.&#13;\n<\/p>\n\n<div style=\"height:40px\" aria-hidden=\"true\" class=\"wp-block-spacer\"><\/div>\n\n<div class=\"wp-block-columns alignwide ucpa-highlight has-background is-layout-flex wp-container-core-columns-is-layout-28f84493 wp-block-columns-is-layout-flex\" style=\"background-color:#e7ebf3\">\n<div class=\"wp-block-column is-vertically-aligned-center is-layout-flow wp-block-column-is-layout-flow\">\n<p>This extraordinary artist has three different names, which are chosen according to the energy that is established when she creates work:<\/p>\n<\/div>\n\n\n\n<div class=\"wp-block-column is-vertically-aligned-center is-layout-flow wp-block-column-is-layout-flow\">\n<p><strong>Kerolayne Kemblin<\/strong>  is her legal name.<\/p>\n\n\n\n<p><strong>Skarlati<\/strong> is the name that her foster mother chose for her, but never made it official. She only learned of this name in 2020, when she found an old letter from her brother, who lived in Fortaleza, asking about Skarlati.&#13;\n<\/p>\n\n\n\n<p><strong>Dacordobarro<\/strong>  is the nickname she received at the age of two, when her family lived on a palafita stilt house. Kerolayne had an accident and fell into a clay pit beneath the house. It was her mother who revived her. The nickname stuck, especially because the neighborhood that they lived in was so full of mud that the children&#8217;s feet were always dirty. It&#8217;s a loving way to remember that she was reborn in this place.&#13;\n<\/p>\n<\/div>\n<\/div>\n","protected":false},"excerpt":{"rendered":"<p>The techniques she uses are as diverse as her inspiration, including photography, licks, graffiti and collages. The self-portrait is present very strongly in her work, as a study of the image of her black body in the city&#8217;s spaces.<\/p>\n","protected":false},"featured_media":52413,"template":"","paises":[59],"estados":[63],"cidades":[65],"ano":[72],"eixos":[],"class_list":["post-53867","linha-das-artes","type-linha-das-artes","status-publish","has-post-thumbnail","hentry"],"_links":{"self":[{"href":"https:\/\/concertacaoamazonia.com.br\/cultura\/en\/wp-json\/wp\/v2\/linha-das-artes\/53867","targetHints":{"allow":["GET"]}}],"collection":[{"href":"https:\/\/concertacaoamazonia.com.br\/cultura\/en\/wp-json\/wp\/v2\/linha-das-artes"}],"about":[{"href":"https:\/\/concertacaoamazonia.com.br\/cultura\/en\/wp-json\/wp\/v2\/types\/linha-das-artes"}],"wp:featuredmedia":[{"embeddable":true,"href":"https:\/\/concertacaoamazonia.com.br\/cultura\/en\/wp-json\/wp\/v2\/media\/52413"}],"wp:attachment":[{"href":"https:\/\/concertacaoamazonia.com.br\/cultura\/en\/wp-json\/wp\/v2\/media?parent=53867"}],"wp:term":[{"taxonomy":"paises","embeddable":true,"href":"https:\/\/concertacaoamazonia.com.br\/cultura\/en\/wp-json\/wp\/v2\/paises?post=53867"},{"taxonomy":"estados","embeddable":true,"href":"https:\/\/concertacaoamazonia.com.br\/cultura\/en\/wp-json\/wp\/v2\/estados?post=53867"},{"taxonomy":"cidades","embeddable":true,"href":"https:\/\/concertacaoamazonia.com.br\/cultura\/en\/wp-json\/wp\/v2\/cidades?post=53867"},{"taxonomy":"ano","embeddable":true,"href":"https:\/\/concertacaoamazonia.com.br\/cultura\/en\/wp-json\/wp\/v2\/ano?post=53867"},{"taxonomy":"eixos","embeddable":true,"href":"https:\/\/concertacaoamazonia.com.br\/cultura\/en\/wp-json\/wp\/v2\/eixos?post=53867"}],"curies":[{"name":"wp","href":"https:\/\/api.w.org\/{rel}","templated":true}]}}

<p>The techniques that she uses are as diverse as her inspiration, including photography, &#8220;lambe-lambe&#8221;, graffiti and collage. Self-portraits are very present in her work, as a study of her black body&#8217;s image occupying the city&#8217;s spaces. </p>

<p>They are scenes from everyday Amazonian life that bring facades, fruits, colors, smells, objects and childhood memories, in which chaos follows her frantic thinking and incorporates different topics and languages.</p>

<p>Whether through urban interventions, crafts or exhibitions, the artist triggers overlapped questions that lead viewers to confront their own conception of the world, the Amazon, the city and the other.</p>

<div style="height:32px" aria-hidden="true" class="wp-block-spacer"></div>

<div class="wp-block-columns alignwide are-vertically-aligned-center ucpa-highlight has-background is-layout-flex wp-container-core-columns-is-layout-28f84493 wp-block-columns-is-layout-flex" style="background-color:#e7ebf3">
<div class="wp-block-column is-vertically-aligned-center is-layout-flow wp-block-column-is-layout-flow">
<p><em>Upon hearing repeatedly that she “dreamed too big” and that she would never be able to achieve her dreams, Dacordobarro understood that she needed to see herself as “a very big individual to reach places that are bigger than me”. .</em></p>



<p><em>In this work, which is being displayed for the first time, she appears bigger than the city, confronting her neighbors, racism, sexism and the limits imposed upon her. It portrays the street where she lived, in Manaus, and reveals her consciousness that she was able see the world beyond what people told her was allowed. “Dream more, achieve more There is a universe beyond my neighborhood or the borders of Manaus that I can also aspire”. At the top right, her mother&#8217;s hand is portrayed handing her a fig, a symbol that, according to Umbanda, has protective power when passed on.&#13;
</em></p>
</div>



<div class="wp-block-column is-vertically-aligned-center is-layout-flow wp-block-column-is-layout-flow">
<figure class="wp-block-image aligncenter is-style-default" style="text-align: center;"><img decoding="async" src="https://concertacaoamazonia.com.br/wp-content/uploads/2024/04/dacordobarro-02-724x1024.jpeg" alt="Dacordobarro art"/><figcaption class="wp-element-caption"><strong>“Maior que as muralhas que criaram ao meu redor” (Bigger than the walls they built around me) (2020)&#13;
</strong></figcaption></figure>
</div>
</div>

<div style="height:32px" aria-hidden="true" class="wp-block-spacer"></div>

<p>Dacordobarro was raised by a foster “solo” mother, who brought her the first references from the feminine universe and the universe of work, affections and artistic expressions. Her mother was also a craftswoman, although she didn&#8217;t see herself that way. At home, she crafted many objects that her family could not afford to buy, “making the act of crafting things with her own hands very natural”.&#13;
</p>

<p>As she grew, she gained new references from the layers of her own experiences. Her first time at a cultural center was at the age of 14, where she was able to see a visual arts exhibition. That was when she realized that forms of expression could also be seen as work..</p>

<p>One of the artists portrayed in the exhibition was on site and, according to Dacordobarro, he “blew her mind” as he explained that, although studying is important, becoming an artist takes much more than that: art is deeply connected to experiences and living.</p>

<p>This conversation defined her path. Dacordobarro, who had been keen on photography since she was 10 years old, found art a way of escaping the social roles that were assigned to her. She began incessant research work, deepening and expanding her expression by means of techniques like painting, &#8220;lambe-lambe&#8221;, graffiti, collage and digitized images.</p>

<div style="height:32px" aria-hidden="true" class="wp-block-spacer"></div>

<div class="wp-block-columns alignwide ucpa-highlight has-background is-layout-flex wp-container-core-columns-is-layout-28f84493 wp-block-columns-is-layout-flex" style="background-color:#e7ebf3">
<div class="wp-block-column is-vertically-aligned-center is-layout-flow wp-block-column-is-layout-flow">
<figure class="wp-block-image aligncenter"><img decoding="async" src="https://concertacaoamazonia.com.br/wp-content/uploads/2024/04/dacordobarro-03-724x1024.jpeg" alt=""/><figcaption class="wp-element-caption"><strong>“Água é leite materno” (Water is breast milk) (2021)&#13;
</strong></figcaption></figure>
</div>



<div class="wp-block-column is-vertically-aligned-center is-layout-flow wp-block-column-is-layout-flow">
<p><em>This collage was displayed in several exhibitions and portrays the same street as that of work “Maior que as muralhas que criaram ao meu redor”. Paved over a river, it floods when it rains. The artist is portrayed in sitting position while using a bowl to bathe, an old habit that she is very fond of and takes her back to the times in which she had no running water at home. She explains that this work reflects her perception that nature is our mother and river water is breast milk.</em></p>
</div>
</div>

<div style="height:32px" aria-hidden="true" class="wp-block-spacer"></div>

<p>Her determination took her to the School of Visual Arts at the University of Amazonas, making her the first literate person in her family and the first to attend university and experience work different from that where “people are not seen as human beings&#8221;. She is also the first in her family to be able to “speak in the first person” and travel through other spaces, in a process of “generational healing” in many respects.</p>

<p>Higher education provided her with a set of techniques and skills, but her pre-teenage experience with photography and collage has a deep connection to her work to this day. These are the techniques that allow her to overlap the memory, self-esteem and perception that she has of the city.</p>

<p>Dacordobarro notes that it took her a long time to see herself as a citizen within the urban space, a place that also builds culture, technology, science and knowledge.</p>

<p>In this sense, the many trips she embarked on across the country from 2015 onwards was fundamental. In 2018, “tired of the racism and lack of dialogue” that emerged around her on account of the new political context, she left the Brazilian North and began a two-year trip through the states of Maranhão, Ceará, Bahia, Rio de Janeiro, São Paulo and Minas Gerais.&#13;
</p>

<div style="height:32px" aria-hidden="true" class="wp-block-spacer"></div>

<div class="wp-block-columns alignwide ucpa-highlight has-background is-layout-flex wp-container-core-columns-is-layout-28f84493 wp-block-columns-is-layout-flex" style="background-color:#e7ebf3">
<div class="wp-block-column is-vertically-aligned-center is-layout-flow wp-block-column-is-layout-flow">
<p><em>In this collage, the artist&#8217;s face partially appears, displaying a haircut that is “typical from the hood, more often used by men”. This work portrays overlapped events, images, smells, memories and thoughts throughout a seemingly ordinary afternoon in Manaus, when she went out to get a haircut, buy peach palm and have a tacacá.</em></p>



<p><em>On the top left corner, one of the cutouts portrays her hand holding her first cell phone, an object that “allows people to talk to each other and create bonds”. She says that her mother kept it, just as she hoards all objects from her childhood, ensuring access to memories that would otherwise be absent from her life.</em></p>



<p><em>The background, right-hand corner, reveals the image of a lamp post, a fragment of another work which Dacordobarro is very fond of, urban intervention “Crianças são sementes&#8221; (Children are seeds), performed in Niterói. Full of illegal electricity connections, the lamp post that is so characteristic of Brazilian urban outskirts is seen by the artist as the materialization of the idea of connection and coexistence between people, a familiar and welcoming environment.&#13;
</em></p>
</div>



<div class="wp-block-column is-layout-flow wp-block-column-is-layout-flow">
<figure class="wp-block-image aligncenter"><img decoding="async" src="https://concertacaoamazonia.com.br/wp-content/uploads/2024/04/dacordobarro-32-768x1024.jpeg" alt=""/><figcaption class="wp-element-caption"><strong>“Sonhos com tacacá e pupunha” (Dreaming about tacacá and peach palm)&#13;
</strong></figcaption></figure>
</div>
</div>

<div style="height:32px" aria-hidden="true" class="wp-block-spacer"></div>

<p>Her adventure ended in 2020 caused by the Covid-19 pandemic. Upon returning to Manaus, for the first time she was able to recognize herself as one who belongs to the city. And she realized how precious and affectionate her memories of a place that was once that of violence and scarcity are.&#13;
</p>

<p>Based on this new perception, Dacordobarro went on to develop series “Manaus 40 graus&#8221;(Manaus 40 degrees) and others in which she investigates the relationship between her body as a black woman that is involved in witchcraft, and the complexity of living in the black and indigenous diaspora in the Manaus city center.</p>

<p>The circulation of these works has allowed her to meet other people, reflect, speak, overcome prejudice, and above all, recover or build the self-esteem of having been born in Manaus.&#13;
</p>

<div style="height:40px" aria-hidden="true" class="wp-block-spacer"></div>

<div class="wp-block-columns alignwide ucpa-highlight has-background is-layout-flex wp-container-core-columns-is-layout-28f84493 wp-block-columns-is-layout-flex" style="background-color:#e7ebf3">
<div class="wp-block-column is-vertically-aligned-center is-layout-flow wp-block-column-is-layout-flow">
<p>This extraordinary artist has three different names, which are chosen according to the energy that is established when she creates work:</p>
</div>



<div class="wp-block-column is-vertically-aligned-center is-layout-flow wp-block-column-is-layout-flow">
<p><strong>Kerolayne Kemblin</strong>  is her legal name.</p>



<p><strong>Skarlati</strong> is the name that her foster mother chose for her, but never made it official. She only learned of this name in 2020, when she found an old letter from her brother, who lived in Fortaleza, asking about Skarlati.&#13;
</p>



<p><strong>Dacordobarro</strong>  is the nickname she received at the age of two, when her family lived on a palafita stilt house. Kerolayne had an accident and fell into a clay pit beneath the house. It was her mother who revived her. The nickname stuck, especially because the neighborhood that they lived in was so full of mud that the children&#8217;s feet were always dirty. It&#8217;s a loving way to remember that she was reborn in this place.&#13;
</p>
</div>
</div>
